et s(j) = j**2 - 7*j + 35. Let m be s(10). Let b = 279 + -162. What is the highest common divisor of m and b?
13
Let w be 3/(-2)*50/(-15). Suppose -d - w*d = -108. Calculate the highest common divisor of d and 99.
9
Suppose -215 = -40*l + 38*l - 5*c, -625 = -5*l + 5*c. What is the greatest common factor of 6520 and l?
40
Suppose -f - 2*v + 95 + 72 = 0, -2*v + 10 = 0. Suppose 2*s - 109 - f = 0. Calculate the highest common factor of 7 and s.
7
Let z be (-1 + 7)*(13 - 250/20). What is the highest common divisor of z and 177?
3
Let v(y) = -y**2 - 12*y + 32. Let l be (6/9)/(3/(6*-9)). Let d be v(l). What is the highest common divisor of 256 and d?
32
Let h(g) = -g**3 - 16*g**2 - 17*g + 138. Let k be h(-15). Calculate the greatest common factor of 1792 and k.
56
Suppose -2*h - 2*h + 3128 - 3108 = 0. What is the greatest common divisor of h and 1135?
5
Suppose 2*f = a + 94, 5*f = 13*a - 10*a + 281. Let c be ((-13)/(-4))/((-1)/a). What is the highest common divisor of 13 and c?
13
Suppose -58 = -10*m + 39*m. Let y be (5 - 17)*((-5)/m)/(-1). What is the highest common factor of 50 and y?
10
Let o(v) = 38*v + 1548. Let i be o(-6). What is the greatest common factor of 180 and i?
60
Let d be -12*((-15)/9 + 1). Let w(x) = x**3 + 27*x**2 + 27*x + 35. Let u be w(-26). Suppose 0 = u*r - 7 - 29. Calculate the highest common factor of d and r.
4
Let d(z) = 2*z**3 - 67*z + 50. Let v be d(9). Calculate the highest common factor of v and 1629.
181
Let y(i) = -189*i**3 + 4*i**2 - 3*i - 1. Let m be y(1). Let j = m + 303. Calculate the greatest common factor of 285 and j.
57
Let x be (4 + -5 + 4 - -3879) + 4. Suppose x = 20*u + 9*u. What is the greatest common factor of 2 and u?
2
Let k = 142 - -434. What is the highest common factor of k and 512?
64
Suppose -2*i = 2*i - g - 435, -3*g + 565 = 5*i. Suppose 3*f = r + 22, -r = 6*f - 15*f + 8*f. Calculate the greatest common factor of i and r.
11
Let t be 2*(-5)/(2 - (-475)/(-235)). Let m = t + -433. Calculate the greatest common factor of 629 and m.
37
Suppose 4*u = 3*b + 486, -2*u - 3*b + 2 = -250. What is the greatest common divisor of 3 and u?
3
Let u = 3106 - 3104. Calculate the highest common factor of u and 298.
2
Suppose -63*q + 60*q = -96. Let s = 96 + 64. What is the highest common divisor of s and q?
32
Suppose 4*n = -5*x + 3*x - 40, -10 = 5*x. Let p be 2360/72 - 2/n. Suppose -4*d + 39 = 5*v, -d - v = 4*d - p. Calculate the greatest common factor of 15 and d.
3
Let p = -23639 + 23651. Calculate the greatest common divisor of p and 9474.
6
Let s = 742 + -422. Suppose -104*l = -107*l + 2*k + 24, -3*k = -l + 1. What is the greatest common factor of l and s?
10
Let t(i) = -15*i**3 - 19*i**2 + 3*i + 3. Let k be t(-3). What is the greatest common divisor of k and 1938?
114
Let u be ((-1566)/(-15))/((-136)/(-1020)). Calculate the greatest common divisor of u and 108.
27
Suppose 0 = 2*h + 149 + 113. Let x = -59 - h. What is the highest common factor of 54 and x?
18
Let u be -2*(5 + -2) - -32. Let n(h) = 2*h - 42. Let q be n(u). What is the highest common factor of q and 85?
5
Let r be (5680/(-852))/(4/(-2106)). Calculate the highest common divisor of 15 and r.
15
Let a = 12575 + -10126. Calculate the highest common factor of 62 and a.
31
Let j = 135 + -44. Let t = 70082 - 70069. Calculate the highest common divisor of t and j.
13
Let m = 64 + -144. Let q = 235 + m. What is the highest common divisor of 31 and q?
31
Suppose 0 = 3*m + 6, 0 = 18*w - 20*w + 2*m + 4918. What is the highest common divisor of 84 and w?
21
Let n be 1 + (4 - 7) + -1 + 3. Suppose -8*p - 7*p + 720 = n. What is the greatest common divisor of 16 and p?
16
Let i be 5*147/(-2)*-2. Suppose 5*y = 72*x - 77*x + 200, -5*y - 2*x + 185 = 0. What is the greatest common divisor of i and y?
35
Let v be ((-2)/(-4))/(3/(-36)). Let n be v/(-8) - 397/(-4). Let d be (138/4 + 3)*18/27. Calculate the highest common factor of n and d.
25
Suppose 2*l = -10 + 54. Let o be (1 + -2 + -5)/(-1). Let r = l - o. Calculate the highest common factor of 8 and r.
8
Let z = 21458 + -20882. Suppose -l - 3*l + 288 = 0. Calculate the highest common factor of z and l.
72
Suppose 0 = -101*p + 5124 + 1037. What is the greatest common factor of 8479 and p?
61
Let z = 16 - 9. Let h(a) = -a**3 - 5*a**2 + 3*a - 7. Suppose 5*o = -11 - 24. Let x be h(o). What is the greatest common divisor of x and z?
7
Let u be (196/(-63))/((-10)/45). Let f(y) = -2*y - 9. Let p be f(-3). Let i be p + (-341 + -4)/(-3). Calculate the greatest common divisor of i and u.
14
Suppose -7*c + 2042 - 278 = 0. Calculate the highest common divisor of c and 252.
252
Let h = 0 - -55. Let v(z) = -192*z + 1. Let y be (-5)/2 - ((-85)/10 + 8). Let t be v(y). Calculate the highest common divisor of t and h.
55
Let n be (164012/1565)/((-4)/(-10)). Calculate the highest common divisor of 3275 and n.
131
Let v(r) = -r**3 - 8*r**2 + 64*r + 15. Let q be v(-15). Let n be 2/(-8) + q/120. Calculate the highest common factor of n and 30.
5
Let n(x) = x**2 - 222*x - 1304. Let k be n(-6). What is the greatest common divisor of k and 96?
32
Let o be (1104/10)/(162/38880). What is the greatest common factor of 207 and o?
207
Let x be (-3)/(3 - 18/5). Let z be (-320)/96*(-6)/x. Suppose 4*n = -3*k + 84 - 1, 2*n - z*k = 36. What is the highest common divisor of 15 and n?
5
Let f = 19963 + -19105. Calculate the greatest common factor of 12 and f.
6
Let z(q) = -5 + 7*q + 1 + 12*q**2 - 4*q. Suppose 64*w - 27*w + 74 = 0. Let m be z(w). Calculate the greatest common divisor of m and 304.
38
Let w be (-155)/(-31)*(-496)/(-10). What is the greatest common factor of 899 and w?
31
Suppose 5*g + 1460 + 770 = 0. Let i = 823 + g. What is the greatest common factor of 13 and i?
13
Let b be (-651)/(-35) - (-18)/45. Suppose -z = 2*z. Let n be ((-380)/4)/(z + -1). Calculate the highest common divisor of n and b.
19
Let s be ((-30)/25)/(1/5). Let z = 14 + s. Let u(x) = -x**2 + 145*x - 285. Let w be u(2). What is the greatest common divisor of w and z?
1
Let c be 3/(6/31)*-2. Let d = c - 9. Let t be 6/(-4)*d/30. Calculate the greatest common factor of 10 and t.
2
Let r(c) be the third derivative of -c**6/120 - c**5/60 + 2*c**4/3 + 23*c**3/3 + 91*c**2. Let h be r(-5). Calculate the highest common divisor of h and 154.
22
Suppose -8*k + 1170 = -13*k. Let i = k - -246. Calculate the greatest common divisor of 40 and i.
4
Let z be (4 + 0 - 2) + (-2 - 77). Let x = z - -233. Let f = x - 60. What is the greatest common divisor of 12 and f?
12
Let o be (-7)/7*(-58 - 7). Calculate the highest common factor of o and 30.
5
Let n be 1*1*(-3 + 11). Suppose -2*p - 4*i = -7*p + 334, -2*i = -n. Let l = 554 - 379. What is the greatest common factor of l and p?
35
Suppose -33 = -5*v + 3*v - l, 3*v - 5*l - 30 = 0. Suppose v = -2*q + 4*s + 1, 3*q + 16 = 5*s. Calculate the highest common divisor of 21 and q.
3
Suppose -31*x + 6 = -29*x, 5*u = -3*x + 234. Calculate the greatest common factor of u and 465.
15
Let u(f) be the third derivative of -f**4/6 + 34*f**3/3 + 46*f**2 - 2*f. Let i be u(5). Calculate the highest common divisor of 12 and i.
12
Let a = -143 + 148. Suppose -m + 327 = a*i, -3*i + 52 = 4*m - 134. Let u = 10 + -4. Calculate the greatest common factor of i and u.
6
Let i = 41947 + -41941. What is the highest common divisor of i and 336?
6
Let k = 10789 - 10369. What is the greatest common divisor of k and 1750?
70
Let i be 2/4 + 6149/(-26). Let m = i - -248. Let a = 6 - -6. What is the greatest common factor of a and m?
12
Let t = -11018 + 12774. Calculate the greatest common factor of t and 16.
4
Let y be (-184*62)/(-16) + -9. Calculate the highest common factor of 99 and y.
11
Let x(z) = 3*z**3 + z**2 - z - 1. Let o be x(1). Suppose -5440 = -4*p - 5*k, -o*p + k + 4080 = p. What is the highest common factor of p and 85?
85
Suppose 7*z = -8 + 22. Suppose -15*b - 37*b + 8216 = 0. Calculate the highest common factor of b and z.
2
Let l = 2206 - 590. What is the greatest common divisor of 240 and l?
16
Suppose 4*x = -4*z - 640, -5*z - 27*x + 26*x - 812 = 0. Let t = 191 + z. Calculate the greatest common factor of 602 and t.
14
Suppose -3*u = 4*s - 448, s + 0*s - 112 = -3*u. What is the greatest common divisor of s and 3500?
28
Let d = -289082 + 289085. Suppose 